
139
Let z(b) = b**2 - 4*b - 44. Let g be z(-10). List the prime factors of g/(-128) + -2 + 3403/4.
2, 53
Let g be (4 - 1)*(-12)/(-9). Suppose -5*n - 5*b = -420, 0 = 19*n - 22*n + 3*b + 252. Suppose n = g*t - t. What are the prime factors of t?
2, 7
Let c(y) = -2*y**2 - 5*y - 11. Let v be c(-2). Let b = v - -211. List the prime factors of b.
2, 101
Suppose -3*y + 5*a = -0*a + 25, -4*y = -2*a + 10. Suppose y = -12*s + 4810 + 2462. List the prime factors of s.
2, 3, 101
Suppose -2*y + 24240 = 22*y. Suppose 16*p - 12834 = -y. What are the prime factors of p?
739
Suppose 0 = 7*k - 2*k - 175. Suppose 27*x = k*x - 400. What are the prime factors of x?
2, 5
Suppose 43 = -5*j - 37. Let n be 1800/j*2/(-3). Suppose 53 + n = 2*l. List the prime factors of l.
2
Let q(w) = 29*w**2 - 724*w - 41. What are the prime factors of q(31)?
2, 673
Let k be 3 - (0 + 6 - 6). Suppose -k*x + 446 = l, -7*x = -9*x. List the prime factors of l.
2, 223
Let q = 660 + -465. Suppose -1107 = -8*j - q. Suppose 3*y - 576 + j = 0. List the prime factors of y.
2, 7, 11
Let p be ((-24)/(-16))/(462/(-468) + 1). Suppose 4*d - 2 = 5*d. Let c = d + p. List the prime factors of c.
5, 23
Let k = 19718 + 7576. List the prime factors of k.
2, 3, 4549
Suppose 0 = 22*l + 978 - 14794. What are the prime factors of l?
2, 157
Let b be ((640/(-12))/2)/(2/(-12)). Suppose 0 = -23*q + 24*q - b. What are the prime factors of q?
2, 5
Let k(d) = -2*d**3 + 17*d**2 - 7*d + 8. Let n = 284 - 279. What are the prime factors of k(n)?
2, 37
Suppose 3*y - 3*c - 1168 - 12176 = 0, -3*c + 17785 = 4*y. Suppose 10*f - y = 1973. List the prime factors of f.
2, 3, 107
Let z(x) = -14*x + 45. Let r be z(29). Let f = 526 + r. What are the prime factors of f?
3, 5, 11
Suppose 7*b - 11 + 4 = 0. Suppose -5 = -2*k + b. Suppose -w - k*w = -536. List the prime factors of w.
2, 67
Let c(i) be the second derivative of -217*i**3/6 + 12*i**2 + 2*i. Let b be c(-4). Suppose -5*f = 6*d - 5*d - b, 346 = 2*f - 5*d. List the prime factors of f.
2, 89
Let w(g) = g**3 - 9*g**2 + 12*g + 17. Let p be w(7). List the prime factors of (14 - 62)/(p/(-22)).
2, 11
Let g = 19886 - 9830. List the prime factors of g.
2, 3, 419
Let n = 12623 + -8557. What are the prime factors of n?
2, 19, 107
Let k(x) = -7*x - 26. Let j(f) = 46*f + 124. Let n(c) = 9*c + 25. Let h(z) = -2*j(z) + 11*n(z). Let a(u) = -6*h(u) - 7*k(u). List the prime factors of a(7).
3, 23
What are the prime factors of 5167949/187 + 12/(-11)?
5, 5527
Let i = -14638 - -59093. List the prime factors of i.
5, 17, 523
Let k(a) = -a**3 + 5*a**2 + 6*a + 7. Let n be k(6). Let p(v) = -10*v**2 + 50*v - 7. Let z be p(5). List the prime factors of 0/1 - 41/(z/n).
41
Suppose 2*z + 2*r = 102, 0*r - 285 = -5*z + r. Let d = 123 + -99. Let p = z - d. List the prime factors of p.
2
Let x = 913 + -378. Suppose -3*f + x = -2*t, f - 87 - 93 = t. List the prime factors of f.
5, 7
Suppose -4*k + 5*k - 9 = 0. Suppose k*s - 81 - 18 = 0. Suppose 212 = s*c - 822. List the prime factors of c.
2, 47
Let g = -3917 + 2161. Let n = g + 2984. What are the prime factors of n?
2, 307
Let o(j) = -455*j - 21. Let x be o(-2). Let m = x + -531. List the prime factors of m.
2, 179
Suppose p = 5*p - 32. Suppose p*a - 15 = 5*a. Suppose -a*q + 13 + 96 = 2*y, 107 = 4*q - 5*y. List the prime factors of q.
23
Let o(l) = 2*l**2 - 6*l + 4. Let z be ((-1 - 1) + 3)*-1 - -2. Let q be 7 - (5 - (2 - z)). What are the prime factors of o(q)?
2
Let q(x) = -x**3 - 13*x**2 + 12*x + 22. Let v be q(-14). Suppose 0 = -2*k + 4*f + 38, v = 2*k + f - 3. Suppose 18*y = 17*y + k. What are the prime factors of y?
5
Let o = -5961 - -10237. What are the prime factors of o?
2, 1069
Suppose 23 = -f + 35. Suppose s = f*j - 17*j + 616, s + 4*j = 618. What are the prime factors of s?
2, 313
What are the prime factors of (-9419 + -2)*((-5)/1 + 12/3)?
9421
Let c be 22/5 - -4 - (-4)/(-10). Let q(l) = c*l - 4*l + 4 - 32. List the prime factors of q(14).
2, 7
Let x = -17788 - -25485. List the prime factors of x.
43, 179
Let d = 42231 - 28124. List the prime factors of d.
14107
Let h be 9 - (-5)/(-2 - 3). Suppose -5*v - 12 = -3*m, 5*v - 2*m = 3*v - h. Suppose v*r - 123 = -r + w, 0 = 4*r - 2*w - 498. List the prime factors of r.
2, 3, 7
Let b = -59 + 63. Suppose -2*k = c - 165, b*k = -0*k - 4*c + 340. What are the prime factors of k?
2, 5
Let x = -4806 + 9319. What are the prime factors of x?
4513
Suppose -k = -k - 4*k + 6308. What are the prime factors of k?
19, 83
Suppose -5*w + 4*w + 27 = 0. Suppose -4*t + 5*t = 5*z - w, 0 = -3*t - 6. Suppose 3*v = -z*c + 164, v = 6*v - 5*c - 260. What are the prime factors of v?
53
Let w(j) = j**2 + 14*j - 51. Let n be w(-17). Suppose 3*z - 3 = 0, n*z = -b - 4*z + 132. List the prime factors of b.
2
Let g(l) = -2*l + 14. Let d be (2 + 0)*2/((-8)/(-10)). Let z be g(d). Suppose z*b = -b + 285. What are the prime factors of b?
3, 19
Suppose 0 = -3*j + a - 14, -4*j - 6*a - 12 = -4*a. List the prime factors of (-3 - 25/j)/(1/92).
13, 23
Let j(d) = 2*d + 2. Let c be j(1). Suppose 0 = -3*i - 2*h - 0 - 4, -2*h - 18 = -c*i. What are the prime factors of (-1)/(((-116)/(-124) - 1)/i)?
31
Suppose 6*f = -2*w + 10*f - 22, 4*f - 16 = -4*w. List the prime factors of 2630*(w/(-15))/((-3)/(-18)).
2, 263
Let i = 142 - 144. List the prime factors of (i - 16/(-4))/2*237.
3, 79
Suppose -33051 = -12*c - 44125 + 436114. List the prime factors of c.
2, 5, 7, 11, 23
Suppose -3*l = -5*a + 11, a + a = 8. Let w(g) = -g**2 + 4*g**3 + 6*g**2 - 6*g**2 + 4 - 4*g + l*g. List the prime factors of w(4).
2, 3, 5
Let n(x) = 219*x - 1 + 0 + 2 - 2. Let v be n(2). Suppose -3*h - 3 = 0, -3*l = -0*l + 4*h - v. What are the prime factors of l?
3, 7
Let h(j) = 11*j + 63. Let z be h(-7). Let p(x) = -30*x - 58. List the prime factors of p(z).
2, 181
Let n(l) be the second derivative of -l**5/10 - l**4/3 + 5*l**3/3 + l**2/2 + 1717*l. Let y = -11 + 7. What are the prime factors of n(y)?
5
Let b(k) = -k**2 - 9*k - 4. Let w be b(-8). Let g be (-1 + w + -2)/((-1)/(-8)). Let c = g + 15. List the prime factors of c.
23
Let k(d) = 14*d - 5. Let h(j) = j + 1. Let x(t) = 5*h(t) - k(t). Let s be x(-9). Let u = s - 54. List the prime factors of u.
37
Let u(s) = 7*s + 1013. Let o(w) = -w - 1. Let v(i) = 3*o(i) + u(i). Let a be v(0). Suppose 0 = 3*x - 13*x + a. List the prime factors of x.
101
Suppose 2*d + 29605 = 3*y, -4*y + 4*d + 39480 = 8*d. What are the prime factors of y?
71, 139
Let p(y) = 33*y**3 + 4*y**2 - 35*y + 205. List the prime factors of p(7).
3, 5, 17
Let t(l) = l**2 + 78*l + 481. What are the prime factors of t(55)?
2, 1949
List the prime factors of (-294346)/(-50) - 2/(-25).
7, 29
Suppose -2*m = -3*r + 136235, -5*r + 23*m - 20*m = -227059. What are the prime factors of r?
45413
Let u be ((-1)/5)/(3/(-15)). What are the prime factors of -3 - u/(1/(-236))?
233
Suppose 0 = 2*y - 3*p - 78, 98 = -y + 4*y + 5*p. Let z(j) = 10*j**2 + 48*j - 101. Let n be z(2). List the prime factors of (y/(-21))/(((-4)/n)/2).
2, 3, 5
Let p(n) = n**3 - 28*n**2 + 12*n - 7. Let y be p(25). Let w = 2719 + y. Suppose 5*m - w = 93. List the prime factors of m.
2, 3, 41
Suppose -2*b + 3*p + 55 = -46, -4*b + 200 = -4*p. Let h = -100 + 270. Let x = h - b. List the prime factors of x.
11
Let j(q) = 4*q - 29. Let x be j(10). Suppose 15*y - x*y = 1516. List the prime factors of y.
379
Let b(p) = 5*p**3 + 125*p**2 - 205*p - 163. Let a(v) = 3*v**3 + 83*v**2 - 137*v - 108. Let y(k) = 8*a(k) - 5*b(k). What are the prime factors of y(37)?
2, 31
Suppose s = 5*r + 27, -5*r = 3*s + s + 17. List the prime factors of ((4 - s)*-1 - -4)*349.
2, 349
Let m = -242 + 242. Suppose 2*c + h - 523 = m, -c - 14*h + 16*h + 269 = 0. What are the prime factors of c?
263
Let k(i) = -i**3 - i**2 + 20*i + 41. Let g(h) = h**2 + 19*h + 40. Let f(l) = -3*g(l) + 2*k(l). List the prime factors of f(-9).
2, 73
Suppose 8*n + 236 = 10*n. Suppose -112 = -10*b + n. What are the prime factors of b?
23
Let r = 3945 - -3314. List the prime factors of r.
7, 17, 61
Suppose -9*w + 17 = -19. Let x(l) = -11*l + w*l + 2*l + 3. List the prime factors of x(-8).
43
Let g be (-13)/(-5) - 2/(-5). Let t = 37 + -34. Suppose b + 3*y = 137, -518 = -g*b - b + t*y. What are the prime factors of b?
131
Suppose -3*c = -3*t - 2*t + 34, 5*t - 13 = -4*c. Suppo